rmine b(y).
12
Let j(x) = x + 1. Let w(q) = -3*q - 3. Let g(y) = 4*j(y) + w(y). Suppose 3*i = u + 7*i + 7, -u = -5*i - 29. Suppose u = 5*h - 2*h. Give g(h).
4
Suppose 4*t - 18 + 6 = 0. Let a(r) = -r - 19*r + t*r. Give a(-1).
17
Let b(j) = -3*j + 5. Let q = -31 + 22. Let m be 18/4*(-12)/q. Give b(m).
-13
Suppose -4*r + 132 = -4*n, 4*n - 5 - 8 = -r. Suppose -1 = -3*u + r. Suppose -4*o - u = o. Let z(d) = d**2 + 3*d + 1. Give z(o).
-1
Let k(d) = -30 - 4*d + 19 + 2*d**2 + 15. What is k(3)?
10
Let c(l) be the first derivative of 0*l**2 + 0*l**3 - 2 + 5/4*l**4 - l. Let w be c(-1). Let g(k) = -k**3 - 6*k**2 + 2*k + 5. Determine g(w).
-7
Let c(k) = k - 4. Let j be c(-8). Let p = j + 17. Let m(h) be the second derivative of -h**4/12 + 2*h**3/3 + 2*h**2 - h. Determine m(p).
-1
Let c = -35 - -34. Let y(t) = -t - 2. Give y(c).
-1
Let a(i) = 97 - 101 + 2*i + 0*i. Suppose -5*x + 11 = -0*x + d, -5*d = 4*x + 8. Let w be a(x). Let o(f) = 4*f - 1. What is o(w)?
7
Let w(n) = -n**3 - 3*n**2 + 2*n - 3. Let p be 3 - (-2 + 0 + 8). Let a be (-4 - p) + 1 - -3. Suppose -3 - 6 = a*b. Give w(b).
-9
Let q(u) = -u**2 + u - 1. Let j(n) = 5*n - 6. Let v(o) = -j(o) + 6*q(o). Determine v(1).
-5
Let b be 16/(-6) - (-5 + 52/12). Let z(r) = 11*r + 2. Calculate z(b).
-20
Let g(h) = -h**3 + 24. Let y(o) = -o**2 + 8*o. Let t be y(8). Calculate g(t).
24
Let v(i) = i**3 + i**2 + i. Let a(h) = -4*h**3 + h**2 - 4. Let c(l) = a(l) + 5*v(l). Determine c(-4).
8
Let o(v) = -6*v - 2. Suppose -3*q = -2*p + 5, -4 + 0 = -3*p + q. Suppose 5*r + p + 9 = 0. What is o(r)?
10
Let n(p) = -2*p**2 - 3*p. Let f = -5 - -5. Let c = f - 0. Suppose -4*y + 18 = -5*r, 3*r + c*r = -3*y. What is n(r)?
-2
Suppose -4*n - 12 = 4*q, -5*n + n - q = -3. Let f be (7 - 6)/(n/6). Let o(r) = -r**2 + 2*r - 2. What is o(f)?
-5
Let r(g) = g**3 + 4*g**2 + 5*g + 2. Let i be r(-3). Let y(s) = -s**3 - 4*s**2 + 3*s - 4. What is y(i)?
-16
Let r be 1160/25 - 2/5. Let w be 14/(-77) - r/(-11). Let p(y) = -2*y**2 + 5 + 3*y + 2*y**2 - y**2. Determine p(w).
1
Suppose -10*a = -14*a + 8. Let w(j) = j**2 + 2*j + 1. What is w(a)?
9
Let b = -2 + -1. Let i be (-2)/b + 7/3. Let q(y) = -1 - y**2 + 5 + 4*y - 3*y. Give q(i).
-2
Let q(p) = p**2 + 3*p - 12. Let f be q(-5). Let y(k) = -2*k**3 - 3*k**2 - 4*k - 3. Determine y(f).
9
Let u(t) = -6*t**2 + 13*t**3 + 5 - 27*t**3 + 13*t**3 + 2*t. What is u(-6)?
-7
Suppose 0 - 18 = -3*j. Let w(p) = -1 + j*p - 3*p - 1 - p. Calculate w(-2).
-6
Suppose -6*h - 16 = -2*h. Let o(p) = p**3 + 5*p**2 + 5*p + 3. Give o(h).
-1
Suppose w = 4*w. Suppose w = -p + 3*p + 10, -5*m = -2*p + 10. Let y(d) = -d**3 - 5*d**2 - 3*d + 2. Determine y(m).
-2
Let x(n) = n - 5. Let f(h) = h. Let y(q) = 4*f(q) - x(q). Suppose 0 = -r + 5*r. Suppose a - 2 + 6 = r. Determine y(a).
-7
Suppose 4*z = 4*h - 44, 5*z - 16 = 3*h - 55. Suppose 3*a = -2*g + 44, 5*g - 60 = -4*a + 2*g. Let x = a - h. Let k(j) = 2*j - 1. Calculate k(x).
7
Suppose 3*h - 6*h = 0. Let k(m) = 2 + 0*m**2 + m**2 - 6*m + h - 4. Give k(6).
-2
Let s(y) = y + 9. Let b(m) = m + 4. Let x(q) = -5*b(q) + 2*s(q). Calculate x(6).
-20
Let y(w) = w - 3. Let x(c) = -c + 10. Let q be x(0). Suppose 2*j + 3*f = f - 4, -3*f = 4*j + q. Determine y(j).
-7
Let d(w) = 2*w. Let g(q) be the first derivative of -q + 1 + 1/2*q**2. Let t(k) = -d(k) + 3*g(k). Determine t(-5).
-8
Let p be 9/(-27) - 8/(-6). Let b be (6/(-5))/(2/(-5)). Let s(w) = -4*w**b - w - w - 3 + 4. Calculate s(p).
-5
Let l(t) = 0 + t**3 + 4*t**2 + 3*t + 2 - 2*t**2. Let b be ((-68)/12 + 1)*3. Let f = -16 - b. What is l(f)?
-4
Let p(m) be the second derivative of -m - 1/2*m**3 + 0*m**2 + 0. Calculate p(2).
-6
Suppose 0 = -2*w + 6*w. Let p(h) = w + h + 0 + 3*h. What is p(-2)?
-8
Suppose 2 = 3*u + 2*o, 0*u - 2*u + o + 13 = 0. Let t be (-3)/5 - (-18)/5. Let z(c) = -6*c - 4*c**2 + t + 5*c**2 - 1 + 0*c**2. Determine z(u).
-6
Let d(r) = -r**2 - 7*r - 6. Let y = 5 + -1. Suppose 5*v - y*n + 7 = -21, 0 = -4*n + 8. Determine d(v).
6
Let k(n) = 3 + 4*n - n + 3*n**2 - 6*n**2 - n**3. Let z be k(-3). Let t(b) = b**3 + 6*b**2 + 2*b + 5. Determine t(z).
-7
Let q(h) be the third derivative of h**5/30 - h**3/3 + 6*h**2. Let b = 7 + -4. Let m = b + -1. Determine q(m).
6
Let j(q) = -14*q**3 + 2*q**2 - 3*q + 3. Let p(h) = -29*h**3 + 5*h**2 - 7*h + 7. Let f(t) = -7*j(t) + 3*p(t). Let d(u) = 2*u + 3. Let v be d(-2). Give f(v).
-10
Let q(r) = -2*r**3 + 2*r + 1. Let b = 22 + -24. Give q(b).
13
Let i(p) = p**2 + 1. Let f be 2/(-13) + (-670)/(-130). Let o(r) = r**3 - 4*r**2 - 4*r - 7. Let a be o(f). Give i(a).
5
Suppose -q + 7 = -2*p, 6*q + 4*p = 5*q - 5. Let l(o) be the first derivative of 2*o + 3 - 5/2*o**2 + 1/3*o**3. Determine l(q).
-4
Let g(v) be the first derivative of v**4/4 - v**3/3 + 3*v**2/2 - 2*v - 3. Give g(3).
25
Let z be (-1)/((-24)/(-9) - 3). Let r(y) = y**2 - y - z + 3. Give r(-1).
2
Let z(h) = 2*h**2 - 26*h + 3. Let m be z(13). Let t(p) be the third derivative of -p**5/60 + p**4/12 - p**2. Determine t(m).
-3
Suppose 29 = 2*v - 3*f, -2*v + 2*f + 31 = v. Let y(c) = 5*c**2 + 7*c + v*c**3 - 9 - 8*c**3 + 2*c + 1. Determine y(6).
10
Let l(h) = h + 3. Let n be (19 - 1)/(-3) + -1. Calculate l(n).
-4
Let h(p) = p - 10*p**3 + p**3 + 0*p. Let d = -3 - -4. Calculate h(d).
-8
Let b = -7 - -8. Let m(a) = 1 + b - a - 2. Give m(5).
-5
Let d = -67 + 70. Let w(y) = 2*y - 2. Determine w(d).
4
Let d(u) be the third derivative of u**9/60480 + u**8/10080 - u**6/360 + u**5/30 - 2*u**2. Let q(i) be the third derivative of d(i). What is q(-2)?
-2
Let o(q) = -q**3 + 10*q**2 + 12*q - 13. Let h = 147 + -136. Give o(h).
-2
Let c(q) = -q**3 - 2*q**2 - 2*q + 2. Let d(j) = -j**3 + 4*j + 2. Let u be d(-2). Calculate c(u).
-18
Suppose -5*v + 20 = -l, -2*l - 4*v + 35 = l. Let d(p) = l - 4 - 4*p + 0*p + 0*p. Suppose 0*n = -5*n - 5. What is d(n)?
5
Let w = -15 + 14. Let m(l) be the first derivative of 3*l**4/4 + l**3/3 - l**2/2 - l + 1. Give m(w).
-2
Let x(m) be the second derivative of -m**3/3 - 5*m**2/2 - 17*m. Determine x(-5).
5
Let d(x) = x**2 + 8*x - 5. Let t(a) = 2*a**2 + 15*a - 11. Let r(l) = -5*d(l) + 3*t(l). Give r(-6).
-2
Let i(k) = k**2 + 6*k - 5. Suppose 18 = -3*t - 24. Let s = -20 - t. Give i(s).
-5
Let g(h) = 3*h**2 - 2*h + 3. Let n(o) = -4*o**2 + 3*o - 4. Let i(m) = 5*g(m) + 4*n(m). Give i(2).
-1
Let c(h) = 0 - 5*h - 1 + 3*h - h. Suppose 2*l = -0*l - 2. Determine c(l).
2
Let y(m) = -m - 1 + 1. Suppose 5 = 3*o - 2*o. Suppose q + o = 6. Give y(q).
-1
Let h(i) = 2*i**2 + 4*i. Let b = -14 - -11. What is h(b)?
6
Let t = -3 - -9. Let s(q) = -7*q**3 + 22*q**2 - q - 17. Let o(a) = -3*a**3 + 10*a**2 - 8. Let m(l) = 5*o(l) - 2*s(l). Determine m(t).
6
Suppose x = 10 - 0. Let g be ((-12)/x)/(6/(-20)). Let m(v) = -5*v + 1. Let f(d) = d**2 + 1. Let k(n) = -f(n) - m(n). Determine k(g).
2
Let t be (21/21)/((-1)/(-8)). Let y(o) = o**2 - 8*o - 4. Determine y(t).
-4
Let o be 98/34 + 2/17. Let n(f) = -f**3 + f**2 + 5*f - 4. Calculate n(o).
-7
Let w(d) = -2*d**3 + d**2 + 4*d + 4. Let z(f) = 2*f**3 - f**2 - 3*f - 3. Suppose 1 = -4*j - 7. Let b(t) = j*w(t) - 3*z(t). Suppose 2 = -4*p - 2. What is b(p)?
3
Let q(w) = -2*w - 3. Let n(u) = u**2 + 7*u + 1. Let g be n(-6). Calculate q(g).
7
Suppose -4*a = -2*a - 2. Let l(k) be the third derivative of -k**4/24 + k**3/6 - k**2. Calculate l(a).
0
Let h be 0 + 4 + 0 + 0. Let a(o) = -o**2 + 3*o + 3. Calculate a(h).
-1
Let t(u) = 5*u - 9. Let n(v) = -7*v + 10. Let i(y) = 3*n(y) + 4*t(y). Let j(o) = -2*o**2 - 3*o + 4. Let r be j(-3). Calculate i(r).
-1
Let r be (-6)/(-5)*30/9. Suppose -2 = -4*o + c, 2 = r*o + 4*c - 10. Let d = o - 2. Let q(u) = 4*u**2 + u + 1. Determine q(d).
4
Let j(u) = -5*u**3 + u**2 + 2*u - 1. Let y(h) = -h**3 + h**2. Let x(b) = j(b) - 3*y(b). Let d = -1 - -2. Give x(d).
-3
Let l(b) = -b + 3. Let m be (-1)/1*-1*-2. Let a(d) = -d**3 - 3*d**2 - 3*d - 3. Let j be a(m). Let k = j + 5. Calculate l(k).
-1
Let g = 13 + -14. Let l(s) = -s**2 + s + 1. Determine l(g).
-1
Let q(z) = -z**3 + 6*z**2 - z + 4. Let p(w) = w**3 - 7*w. Let m be p(3). Calculate q(m).
-2
Suppose -5*d = -4*i + 52, 3*i = 5*d - 0*i + 54. Let q = -6 - d. Let z = q - 0. Let r(b) = -b**2 + 4*b + 7. Calculate r(z).
-5
Let k(t) = -t**3 - 4*t**2 + 7*t. Let v = 55 - 60. Determine k(v).
-10
Let v(k) = k**3 + 4*k**2 + 3. Let f be v(-4). Suppose f*a - 3 = -3*u, -3*a + 3 = -